{"id":168,"date":"2023-11-16T19:54:30","date_gmt":"2023-11-16T19:54:30","guid":{"rendered":"https:\/\/www.hdmmotion.ch\/?page_id=168"},"modified":"2024-08-30T06:52:59","modified_gmt":"2024-08-30T06:52:59","slug":"erdbewegungsmaschinen-3","status":"publish","type":"page","link":"https:\/\/www.filus-system.de\/?page_id=168","title":{"rendered":"Informationen"},"content":{"rendered":"<p>[et_pb_section fb_built=&#8220;1&#8243; admin_label=&#8220;About&#8220; _builder_version=&#8220;4.23.3&#8243; custom_margin=&#8220;||||false|false&#8220; custom_padding=&#8220;2px|||||&#8220; global_colors_info=&#8220;{}&#8220;][et_pb_row _builder_version=&#8220;4.27.0&#8243; _module_preset=&#8220;default&#8220; global_colors_info=&#8220;{}&#8220;][et_pb_column type=&#8220;4_4&#8243; _builder_version=&#8220;4.27.0&#8243; _module_preset=&#8220;default&#8220; global_colors_info=&#8220;{}&#8220;][et_pb_heading title=&#8220;Unsere Standards&#8220; _builder_version=&#8220;4.27.0&#8243; _module_preset=&#8220;default&#8220; title_font=&#8220;Montserrat|600|||||||&#8220; title_text_align=&#8220;center&#8220; title_text_color=&#8220;#000000&#8243; custom_margin=&#8220;46px|||||&#8220; animation_style=&#8220;fade&#8220; global_colors_info=&#8220;{}&#8220;][\/et_pb_heading][\/et_pb_column][\/et_pb_row][et_pb_row column_structure=&#8220;1_2,1_2&#8243; use_custom_gutter=&#8220;on&#8220; _builder_version=&#8220;4.27.0&#8243; width=&#8220;91%&#8220; max_width=&#8220;1322px&#8220; custom_margin=&#8220;|||&#8220; custom_margin_tablet=&#8220;|||&#8220; custom_margin_phone=&#8220;-30px||||false|false&#8220; custom_margin_last_edited=&#8220;on|phone&#8220; animation_style=&#8220;fade&#8220; locked=&#8220;off&#8220; global_colors_info=&#8220;{}&#8220;][et_pb_column type=&#8220;1_2&#8243; _builder_version=&#8220;4.16&#8243; custom_padding=&#8220;|||&#8220; global_colors_info=&#8220;{}&#8220; custom_padding__hover=&#8220;|||&#8220;][et_pb_heading title=&#8220;Nachhaltiger Erfolg&#8220; _builder_version=&#8220;4.27.0&#8243; _module_preset=&#8220;default&#8220; title_font=&#8220;Montserrat|600|||||||&#8220; title_text_align=&#8220;center&#8220; title_text_color=&#8220;#8f7d50&#8243; title_font_size=&#8220;25px&#8220; title_line_height=&#8220;1.3em&#8220; width=&#8220;86%&#8220; module_alignment=&#8220;center&#8220; global_colors_info=&#8220;{}&#8220;][\/et_pb_heading][et_pb_cta button_url=&#8220;https:\/\/www.filus-system.de\/?page_id=127&#8243; _builder_version=&#8220;4.27.0&#8243; header_font=&#8220;Arimo|700|||||||&#8220; header_font_size=&#8220;18px&#8220; header_line_height=&#8220;1.2em&#8220; body_font=&#8220;Montserrat|500|||||||&#8220; body_text_color=&#8220;#000000&#8243; body_font_size=&#8220;18px&#8220; body_line_height=&#8220;1.3em&#8220; use_background_color=&#8220;off&#8220; custom_button=&#8220;on&#8220; button_text_size=&#8220;16px&#8220; button_text_color=&#8220;#8f7d50&#8243; button_bg_color=&#8220;#FFFFFF&#8220; button_border_color=&#8220;#eaeaea&#8220; button_border_radius=&#8220;0px&#8220; button_letter_spacing=&#8220;4px&#8220; button_font=&#8220;Montserrat|700||on|||||&#8220; button_icon=&#8220;&#x24;||divi||400&#8243; text_orientation=&#8220;left&#8220; background_layout=&#8220;light&#8220; min_height=&#8220;303px&#8220; height=&#8220;331px&#8220; custom_padding=&#8220;37px|35px|37px|35px|true|true&#8220; border_width_all=&#8220;1px&#8220; border_color_all=&#8220;rgba(0,0,0,0.12)&#8220; box_shadow_style=&#8220;preset1&#8243; button_letter_spacing_hover=&#8220;4px&#8220; button_bg_color_hover=&#8220;rgba(0,0,0,0)&#8220; locked=&#8220;off&#8220; global_colors_info=&#8220;{}&#8220; button_text_size__hover_enabled=&#8220;off&#8220; button_one_text_size__hover_enabled=&#8220;off&#8220; button_two_text_size__hover_enabled=&#8220;off&#8220; button_text_color__hover_enabled=&#8220;off&#8220; button_one_text_color__hover_enabled=&#8220;off&#8220; button_two_text_color__hover_enabled=&#8220;off&#8220; button_border_width__hover_enabled=&#8220;off&#8220; button_one_border_width__hover_enabled=&#8220;off&#8220; button_two_border_width__hover_enabled=&#8220;off&#8220; button_border_color__hover_enabled=&#8220;off&#8220; button_one_border_color__hover_enabled=&#8220;off&#8220; button_two_border_color__hover_enabled=&#8220;off&#8220; button_border_radius__hover_enabled=&#8220;off&#8220; button_one_border_radius__hover_enabled=&#8220;off&#8220; button_two_border_radius__hover_enabled=&#8220;off&#8220; button_letter_spacing__hover_enabled=&#8220;on&#8220; button_letter_spacing__hover=&#8220;4px&#8220; button_one_letter_spacing__hover_enabled=&#8220;off&#8220; button_two_letter_spacing__hover_enabled=&#8220;off&#8220; button_bg_color__hover_enabled=&#8220;on&#8220; button_bg_color__hover=&#8220;rgba(0,0,0,0)&#8220; button_one_bg_color__hover_enabled=&#8220;off&#8220; button_two_bg_color__hover_enabled=&#8220;off&#8220;]<\/p>\n<p><span>Wir verstehen, dass die Verwaltung von Verm\u00f6gen und die richtige Anlageentscheidung eine kontinuierliche Herausforderung darstellen.<br \/><\/span><span>Deshalb bieten wir Ihnen eine <strong>aktive und engagierte Betreuung<\/strong>, die Sie dabei unterst\u00fctzt, Ihr eigenes <strong>Verm\u00f6gen<\/strong> oder das Ihrer Kunden <strong>zielorientiert in Sonderverm\u00f6gen umzuschichten<\/strong>.<br \/>Unsere Verantwortung ist es, nicht nur auf kurzfristige Marktver\u00e4nderungen zu reagieren, sondern langfristig tragf\u00e4hige Strategien zu entwickeln, die das <strong>Kapital nachhaltig mehren<\/strong>.<\/span><\/p>\n<p>[\/et_pb_cta][\/et_pb_column][et_pb_column type=&#8220;1_2&#8243; _builder_version=&#8220;4.16&#8243; custom_padding=&#8220;|||&#8220; global_colors_info=&#8220;{}&#8220; custom_padding__hover=&#8220;|||&#8220;][et_pb_heading title=&#8220;Zuverl\u00e4ssige Betreuung&#8220; _builder_version=&#8220;4.27.0&#8243; _module_preset=&#8220;default&#8220; title_font=&#8220;Montserrat|600|||||||&#8220; title_text_align=&#8220;center&#8220; title_text_color=&#8220;#8f7d50&#8243; title_font_size=&#8220;25px&#8220; title_line_height=&#8220;1.3em&#8220; global_colors_info=&#8220;{}&#8220;][\/et_pb_heading][et_pb_cta button_url=&#8220;https:\/\/www.filus-system.de\/?page_id=158&#8243; _builder_version=&#8220;4.27.0&#8243; header_font=&#8220;Arimo|700|||||||&#8220; header_font_size=&#8220;18px&#8220; header_line_height=&#8220;1.2em&#8220; body_font=&#8220;Montserrat||||||||&#8220; body_text_color=&#8220;#000000&#8243; body_font_size=&#8220;18px&#8220; body_line_height=&#8220;1.3em&#8220; use_background_color=&#8220;off&#8220; custom_button=&#8220;on&#8220; button_text_size=&#8220;16px&#8220; button_text_color=&#8220;#8f7d50&#8243; button_bg_color=&#8220;#FFFFFF&#8220; button_border_color=&#8220;#eaeaea&#8220; button_border_radius=&#8220;0px&#8220; button_letter_spacing=&#8220;4px&#8220; button_font=&#8220;Rubik|700||on|||||&#8220; button_icon=&#8220;&#x24;||divi||400&#8243; text_orientation=&#8220;left&#8220; background_layout=&#8220;light&#8220; min_height=&#8220;308px&#8220; height=&#8220;331px&#8220; custom_padding=&#8220;35px|35px|35px|35px|true|true&#8220; border_width_all=&#8220;1px&#8220; border_color_all=&#8220;rgba(0,0,0,0.12)&#8220; box_shadow_style=&#8220;preset1&#8243; button_letter_spacing_hover=&#8220;4px&#8220; button_bg_color_hover=&#8220;rgba(0,0,0,0)&#8220; locked=&#8220;off&#8220; global_colors_info=&#8220;{}&#8220; button_text_size__hover_enabled=&#8220;off&#8220; button_one_text_size__hover_enabled=&#8220;off&#8220; button_two_text_size__hover_enabled=&#8220;off&#8220; button_text_color__hover_enabled=&#8220;off&#8220; button_one_text_color__hover_enabled=&#8220;off&#8220; button_two_text_color__hover_enabled=&#8220;off&#8220; button_border_width__hover_enabled=&#8220;off&#8220; button_one_border_width__hover_enabled=&#8220;off&#8220; button_two_border_width__hover_enabled=&#8220;off&#8220; button_border_color__hover_enabled=&#8220;off&#8220; button_one_border_color__hover_enabled=&#8220;off&#8220; button_two_border_color__hover_enabled=&#8220;off&#8220; button_border_radius__hover_enabled=&#8220;off&#8220; button_one_border_radius__hover_enabled=&#8220;off&#8220; button_two_border_radius__hover_enabled=&#8220;off&#8220; button_letter_spacing__hover_enabled=&#8220;on&#8220; button_letter_spacing__hover=&#8220;4px&#8220; button_one_letter_spacing__hover_enabled=&#8220;off&#8220; button_two_letter_spacing__hover_enabled=&#8220;off&#8220; button_bg_color__hover_enabled=&#8220;on&#8220; button_bg_color__hover=&#8220;rgba(0,0,0,0)&#8220; button_one_bg_color__hover_enabled=&#8220;off&#8220; button_two_bg_color__hover_enabled=&#8220;off&#8220;]<\/p>\n<p><span>Unser Team aus <strong>erfahrenen Finanzexperten<\/strong> steht Ihnen mit Rat und Tat zur Seite.<br \/>Durch unsere umfassende Marktkenntnis und unsere tiefgehenden Analysen bieten wir Ihnen <strong>fundierte und ma\u00dfgeschneiderte L\u00f6sungen<\/strong>, die genau auf Ihre eigenen Bed\u00fcrfnisse oder die Ihrer Kunden abgestimmt sind.<br \/>Ob es darum geht, Risiken zu minimieren, Renditen zu maximieren oder neue Anlagestrategien zu entwickeln<br \/>\u2013 <strong>wir sind Ihr verl\u00e4sslicher Partner<\/strong>.<\/span><\/p>\n<p>[\/et_pb_cta][\/et_pb_column][\/et_pb_row][et_pb_row column_structure=&#8220;1_2,1_2&#8243; use_custom_gutter=&#8220;on&#8220; _builder_version=&#8220;4.27.0&#8243; width=&#8220;91%&#8220; max_width=&#8220;1322px&#8220; custom_margin=&#8220;|||&#8220; custom_margin_tablet=&#8220;|||&#8220; custom_margin_phone=&#8220;-30px||||false|false&#8220; custom_margin_last_edited=&#8220;on|phone&#8220; custom_padding=&#8220;||57px|||&#8220; animation_style=&#8220;fade&#8220; locked=&#8220;off&#8220; global_colors_info=&#8220;{}&#8220;][et_pb_column type=&#8220;1_2&#8243; _builder_version=&#8220;4.16&#8243; custom_padding=&#8220;|||&#8220; global_colors_info=&#8220;{}&#8220; custom_padding__hover=&#8220;|||&#8220;][et_pb_heading title=&#8220;Umschichtung in Sonderverm\u00f6gen&#8220; _builder_version=&#8220;4.27.0&#8243; _module_preset=&#8220;default&#8220; title_font=&#8220;Montserrat|600|||||||&#8220; title_text_align=&#8220;center&#8220; title_text_color=&#8220;#8f7d50&#8243; title_font_size=&#8220;25px&#8220; title_line_height=&#8220;1.3em&#8220; width=&#8220;86%&#8220; module_alignment=&#8220;center&#8220; global_colors_info=&#8220;{}&#8220;][\/et_pb_heading][et_pb_cta button_url=&#8220;https:\/\/www.filus-system.de\/?page_id=127&#8243; _builder_version=&#8220;4.27.0&#8243; header_font=&#8220;Arimo|700|||||||&#8220; header_font_size=&#8220;18px&#8220; header_line_height=&#8220;1.2em&#8220; body_font=&#8220;Montserrat||||||||&#8220; body_text_color=&#8220;#000000&#8243; body_font_size=&#8220;18px&#8220; body_line_height=&#8220;1.3em&#8220; use_background_color=&#8220;off&#8220; custom_button=&#8220;on&#8220; button_text_size=&#8220;16px&#8220; button_text_color=&#8220;#8f7d50&#8243; button_bg_color=&#8220;#FFFFFF&#8220; button_border_color=&#8220;#eaeaea&#8220; button_border_radius=&#8220;0px&#8220; button_letter_spacing=&#8220;4px&#8220; button_font=&#8220;Montserrat|700||on|||||&#8220; button_icon=&#8220;&#x24;||divi||400&#8243; text_orientation=&#8220;left&#8220; background_layout=&#8220;light&#8220; min_height=&#8220;239px&#8220; height=&#8220;100px&#8220; max_height=&#8220;618px&#8220; custom_padding=&#8220;37px|35px|37px|35px|true|true&#8220; border_width_all=&#8220;1px&#8220; border_color_all=&#8220;rgba(0,0,0,0.12)&#8220; box_shadow_style=&#8220;preset1&#8243; button_letter_spacing_hover=&#8220;4px&#8220; button_bg_color_hover=&#8220;rgba(0,0,0,0)&#8220; locked=&#8220;off&#8220; global_colors_info=&#8220;{}&#8220; button_text_size__hover_enabled=&#8220;off&#8220; button_one_text_size__hover_enabled=&#8220;off&#8220; button_two_text_size__hover_enabled=&#8220;off&#8220; button_text_color__hover_enabled=&#8220;off&#8220; button_one_text_color__hover_enabled=&#8220;off&#8220; button_two_text_color__hover_enabled=&#8220;off&#8220; button_border_width__hover_enabled=&#8220;off&#8220; button_one_border_width__hover_enabled=&#8220;off&#8220; button_two_border_width__hover_enabled=&#8220;off&#8220; button_border_color__hover_enabled=&#8220;off&#8220; button_one_border_color__hover_enabled=&#8220;off&#8220; button_two_border_color__hover_enabled=&#8220;off&#8220; button_border_radius__hover_enabled=&#8220;off&#8220; button_one_border_radius__hover_enabled=&#8220;off&#8220; button_two_border_radius__hover_enabled=&#8220;off&#8220; button_letter_spacing__hover_enabled=&#8220;on&#8220; button_letter_spacing__hover=&#8220;4px&#8220; button_one_letter_spacing__hover_enabled=&#8220;off&#8220; button_two_letter_spacing__hover_enabled=&#8220;off&#8220; button_bg_color__hover_enabled=&#8220;on&#8220; button_bg_color__hover=&#8220;rgba(0,0,0,0)&#8220; button_one_bg_color__hover_enabled=&#8220;off&#8220; button_two_bg_color__hover_enabled=&#8220;off&#8220;]<\/p>\n<p><span><strong>Sonderverm\u00f6gen<\/strong> bieten eine Vielzahl von M\u00f6glichkeiten, das Verm\u00f6gen gezielt und gewinnbringend zu investieren. Wir helfen Ihnen, diese Chancen zu identifizieren und optimal zu nutzen. Dabei legen wir gro\u00dfen Wert auf <strong>Transparenz und Sicherheit<\/strong>, um das Vertrauen in finanzielle Entscheidungen zu st\u00e4rken und eine <strong>individuell angepasste L\u00f6sung<\/strong> herauszufiltern.<\/span><\/p>\n<p>[\/et_pb_cta][\/et_pb_column][et_pb_column type=&#8220;1_2&#8243; _builder_version=&#8220;4.16&#8243; custom_padding=&#8220;|||&#8220; global_colors_info=&#8220;{}&#8220; custom_padding__hover=&#8220;|||&#8220;][et_pb_heading title=&#8220;Ihr Erfolg ist unser Antrieb&#8220; _builder_version=&#8220;4.27.0&#8243; _module_preset=&#8220;default&#8220; title_font=&#8220;Montserrat|600|||||||&#8220; title_text_align=&#8220;center&#8220; title_text_color=&#8220;#8f7d50&#8243; title_font_size=&#8220;25px&#8220; title_line_height=&#8220;1.3em&#8220; global_colors_info=&#8220;{}&#8220;][\/et_pb_heading][et_pb_cta button_url=&#8220;https:\/\/www.filus-system.de\/?page_id=158&#8243; _builder_version=&#8220;4.27.0&#8243; header_font=&#8220;Arimo|700|||||||&#8220; header_font_size=&#8220;18px&#8220; header_line_height=&#8220;1.2em&#8220; body_font=&#8220;Montserrat|&#8211;et_global_body_font_weight|||||||&#8220; body_text_color=&#8220;#000000&#8243; body_font_size=&#8220;18px&#8220; body_line_height=&#8220;1.3em&#8220; use_background_color=&#8220;off&#8220; custom_button=&#8220;on&#8220; button_text_size=&#8220;16px&#8220; button_text_color=&#8220;#8f7d50&#8243; button_bg_color=&#8220;#FFFFFF&#8220; button_border_color=&#8220;#eaeaea&#8220; button_border_radius=&#8220;0px&#8220; button_letter_spacing=&#8220;4px&#8220; button_font=&#8220;Rubik|700||on|||||&#8220; button_icon=&#8220;&#x24;||divi||400&#8243; text_orientation=&#8220;left&#8220; background_layout=&#8220;light&#8220; min_height=&#8220;239px&#8220; height=&#8220;100px&#8220; custom_padding=&#8220;35px|35px|35px|35px|true|true&#8220; border_width_all=&#8220;1px&#8220; border_color_all=&#8220;rgba(0,0,0,0.12)&#8220; box_shadow_style=&#8220;preset1&#8243; button_letter_spacing_hover=&#8220;4px&#8220; button_bg_color_hover=&#8220;rgba(0,0,0,0)&#8220; locked=&#8220;off&#8220; global_colors_info=&#8220;{}&#8220; button_text_size__hover_enabled=&#8220;off&#8220; button_one_text_size__hover_enabled=&#8220;off&#8220; button_two_text_size__hover_enabled=&#8220;off&#8220; button_text_color__hover_enabled=&#8220;off&#8220; button_one_text_color__hover_enabled=&#8220;off&#8220; button_two_text_color__hover_enabled=&#8220;off&#8220; button_border_width__hover_enabled=&#8220;off&#8220; button_one_border_width__hover_enabled=&#8220;off&#8220; button_two_border_width__hover_enabled=&#8220;off&#8220; button_border_color__hover_enabled=&#8220;off&#8220; button_one_border_color__hover_enabled=&#8220;off&#8220; button_two_border_color__hover_enabled=&#8220;off&#8220; button_border_radius__hover_enabled=&#8220;off&#8220; button_one_border_radius__hover_enabled=&#8220;off&#8220; button_two_border_radius__hover_enabled=&#8220;off&#8220; button_letter_spacing__hover_enabled=&#8220;on&#8220; button_letter_spacing__hover=&#8220;4px&#8220; button_one_letter_spacing__hover_enabled=&#8220;off&#8220; button_two_letter_spacing__hover_enabled=&#8220;off&#8220; button_bg_color__hover_enabled=&#8220;on&#8220; button_bg_color__hover=&#8220;rgba(0,0,0,0)&#8220; button_one_bg_color__hover_enabled=&#8220;off&#8220; button_two_bg_color__hover_enabled=&#8220;off&#8220;]<\/p>\n<p>Bei Filus stehen Sie und Ihre <strong>Kunden im Mittelpunkt<\/strong>. Wir arbeiten eng mit Ihnen zusammen, um sicherzustellen, dass Ihre Anlageentscheidungen stets die bestm\u00f6glichen Ergebnisse erzielen. Vertrauen Sie auf unsere <strong>Expertise und Erfahrung<\/strong> \u2013 f\u00fcr eine nachhaltige und erfolgreiche Zukunft und einen intelligenten Umsatz mit Ihrem Verm\u00f6gen.<\/p>\n<p>[\/et_pb_cta][\/et_pb_column][\/et_pb_row][\/et_pb_section]<\/p>\n","protected":false},"excerpt":{"rendered":"<p>Wir verstehen, dass die Verwaltung von Verm\u00f6gen und die richtige Anlageentscheidung eine kontinuierliche Herausforderung darstellen.Deshalb bieten wir Ihnen eine aktive und engagierte Betreuung, die Sie dabei unterst\u00fctzt, Ihr eigenes Verm\u00f6gen oder das Ihrer Kunden zielorientiert in Sonderverm\u00f6gen umzuschichten.Unsere Verantwortung ist es, nicht nur auf kurzfristige Marktver\u00e4nderungen zu reagieren, sondern langfristig tragf\u00e4hige Strategien zu entwickeln, die [&hellip;]<\/p>\n","protected":false},"author":1,"featured_media":0,"parent":0,"menu_order":0,"comment_status":"closed","ping_status":"closed","template":"","meta":{"_et_pb_use_builder":"on","_et_pb_old_content":"","_et_gb_content_width":"","footnotes":""},"class_list":["post-168","page","type-page","status-publish","hentry"],"_links":{"self":[{"href":"https:\/\/www.filus-system.de\/index.php?rest_route=\/wp\/v2\/pages\/168","targetHints":{"allow":["GET"]}}],"collection":[{"href":"https:\/\/www.filus-system.de\/index.php?rest_route=\/wp\/v2\/pages"}],"about":[{"href":"https:\/\/www.filus-system.de\/index.php?rest_route=\/wp\/v2\/types\/page"}],"author":[{"embeddable":true,"href":"https:\/\/www.filus-system.de\/index.php?rest_route=\/wp\/v2\/users\/1"}],"replies":[{"embeddable":true,"href":"https:\/\/www.filus-system.de\/index.php?rest_route=%2Fwp%2Fv2%2Fcomments&post=168"}],"version-history":[{"count":41,"href":"https:\/\/www.filus-system.de\/index.php?rest_route=\/wp\/v2\/pages\/168\/revisions"}],"predecessor-version":[{"id":1361,"href":"https:\/\/www.filus-system.de\/index.php?rest_route=\/wp\/v2\/pages\/168\/revisions\/1361"}],"wp:attachment":[{"href":"https:\/\/www.filus-system.de\/index.php?rest_route=%2Fwp%2Fv2%2Fmedia&parent=168"}],"curies":[{"name":"wp","href":"https:\/\/api.w.org\/{rel}","templated":true}]}}